{"id":260,"date":"2017-10-02T02:54:07","date_gmt":"2017-10-02T02:54:07","guid":{"rendered":"https:\/\/administradoraintegral.com\/\/\/?page_id=260"},"modified":"2021-09-29T08:52:36","modified_gmt":"2021-09-29T12:52:36","slug":"servicios","status":"publish","type":"page","link":"https:\/\/www.administradoraintegral.com\/?page_id=260","title":{"rendered":"Servicios"},"content":{"rendered":"<p>[vc_row][vc_column][vc_single_image image=\u00bb474&#8243; img_size=\u00bb1280&#215;600&#8243;][vc_empty_space height=\u00bb10px\u00bb][vc_column_text]<\/p>\n<h3>Cubrimos 3 grandes \u00e1reas de servicios<\/h3>\n<h3>Administraci\u00f3n de condominios, Gesti\u00f3n Administrativa de Alquiler y Ventas de Inmuebles.<\/h3>\n<div class=\"gmail_default\">Administradora Integral ofrece a la junta de condominio y a los copropietarios una atenci\u00f3n personalizada y efectiva en las \u00e1reas operativa y administrativa. Contamos con personal de confianza y altamente calificado en el \u00e1rea\u00a0de Condominio y ventas y alquileres de inmuebles.<\/div>\n<p>[\/vc_column_text][vc_empty_space height=\u00bb40px\u00bb][\/vc_column][\/vc_row][vc_row][vc_column][vc_separator color=\u00bbcustom\u00bb accent_color=\u00bbrgba(2,6,32,0.1)\u00bb][vc_empty_space height=\u00bb50px\u00bb][\/vc_column][\/vc_row][vc_row][vc_column width=\u00bb1\/4&#8243;][vc_custom_heading text=\u00bbAdministrativa\u00bb font_container=\u00bbtag:h3|text_align:left\u00bb use_theme_fonts=\u00bbyes\u00bb][vc_empty_space height=\u00bb20px\u00bb][\/vc_column][vc_column width=\u00bb3\/4&#8243;][vc_row_inner][vc_column_inner width=\u00bb1\/2&#8243;][vc_column_text]<\/p>\n<h5 class=\"no-margin-top\"><span style=\"color: #f46137;\">Personal<\/span><\/h5>\n<ul>\n<li>Manejo de la n\u00f3mina de los trabajadores y pago de la L.P.H y S.S.O<\/li>\n<li>Vacaciones y Suplencias. Beneficios de Ley Adicionales<\/li>\n<li>Creaci\u00f3n de un Fondo de Beneficios Sociales a los trabajadores para cubrir pagos de vacaciones, liquidaciones y pr\u00e9stamos autorizados por la Junta de Condominio.\n<ul>\n<li style=\"list-style-type: none;\"><\/li>\n<\/ul>\n<\/li>\n<\/ul>\n<p>[\/vc_column_text][vc_empty_space height=\u00bb40px\u00bb][\/vc_column_inner][vc_column_inner width=\u00bb1\/2&#8243;][vc_column_text]<\/p>\n<h5 class=\"no-margin-top\"><span style=\"color: #f46137;\">Proveedores<\/span><\/h5>\n<ul class=\"style36\">\n<li class=\"style17\">Recepci\u00f3n y Procesamiento de Facturas<\/li>\n<li class=\"style17\">Retenci\u00f3n de Impuestos<\/li>\n<li class=\"style17\">Cronograma de Pagos a Proveedores y Juntas de condominio.<\/li>\n<li class=\"style17\">Auditor\u00eda<\/li>\n<li class=\"style17\">Pagos por emergencias que se presenten en los edificios.<\/li>\n<li class=\"style17\">Pagos de los Servicios P\u00fablicos de Hidrocapital y Corpoelec.<\/li>\n<\/ul>\n<p>[\/vc_column_text][vc_empty_space height=\u00bb40px\u00bb][\/vc_column_inner][\/vc_row_inner][vc_row_inner][vc_column_inner width=\u00bb1\/2&#8243;][vc_column_text]<\/p>\n<h5 class=\"no-margin-top\"><span style=\"color: #f46137;\">Fondos<\/span><\/h5>\n<ul class=\"style32\">\n<li class=\"style17\">Contingencias<\/li>\n<li class=\"style17\">Prestaciones<\/li>\n<li class=\"style17\">Reserva<\/li>\n<li class=\"style17\">Especial<\/li>\n<\/ul>\n<p>[\/vc_column_text][vc_empty_space height=\u00bb40px\u00bb][vc_column_text]<\/p>\n<h5 class=\"no-margin-top\"><span style=\"color: #f46137;\">Pago Integral<\/span><\/h5>\n<ul class=\"style32\">\n<li class=\"style17\">Administradora Integral en su empe\u00f1o de prestar un mejor servicio a sus clientes ofrece una herramienta de pago en l\u00ednea a trav\u00e9s de su sistema Pago Integral, especialmente desarrollado para facilitar la consulta de su saldo y el pago de su condominio desde la comodidad de su casa, oficina o desde cualquier lugar donde se encuentre<\/li>\n<li>El servicio consiste en d\u00e9bitos en cuenta bancaria y con s\u00f3lo afiliarse a trav\u00e9s de www.pagointegral.com usted podr\u00e1 realizar los pagos de su relaci\u00f3n mensual de gastos<\/li>\n<li>El servicio est\u00e1 disponible \u00fanicamente para d\u00e9bitos en cuentas bancarias en Banesco, Mercantil y Bancaribe<\/li>\n<li class=\"style17\">Consulta de saldos<\/li>\n<li class=\"style17\">Consulta de Comprobantes de Pago<\/li>\n<li class=\"style17\">Relaci\u00f3n de gastos de condominio virtual<\/li>\n<li class=\"style17\">Pago de recibos de condominio<\/li>\n<li class=\"style17\">Pago v\u00eda telef\u00f3nica (0212-951-5611-Ext. 403)<\/li>\n<li>Afiliaci\u00f3n v\u00eda telef\u00f3nica (0212-951-5611-Ext. 403)<\/li>\n<\/ul>\n<p>[\/vc_column_text][vc_empty_space height=\u00bb40px\u00bb][\/vc_column_inner][vc_column_inner width=\u00bb1\/2&#8243;][vc_column_text]<\/p>\n<h5 class=\"no-margin-top\"><span style=\"color: #f46137;\">Cobranza<\/span><\/h5>\n<ul>\n<li class=\"style34\">Comodidad para el pago de su condominio en las sucursales<\/li>\n<li class=\"style34\">Pago On line\u00a0a trav\u00e9s de la p\u00e1gina\u00a0www.pagointegral.com<\/li>\n<li class=\"style34\">A partir del tercer mes vencido a trav\u00e9s del Escritorio Jur\u00eddico<\/li>\n<li>En nuestra oficina hasta el ultimo d\u00eda h\u00e1bil del mes<\/li>\n<\/ul>\n<p>[\/vc_column_text][vc_empty_space height=\u00bb40px\u00bb][vc_empty_space height=\u00bb40px\u00bb][vc_column_text]<\/p>\n<h5 class=\"no-margin-top\"><span style=\"color: #f46137;\">CajaMatic<\/span><\/h5>\n<ul>\n<li>Disponibilidad Inmediata de Recursos<\/li>\n<li>Cajamatic servicio exclusivo de Administradora Integral, el cual es depositado en cuenta de la comunidad los primeros cinco d\u00edas h\u00e1biles de cada mes<\/li>\n<\/ul>\n<p>[\/vc_column_text][\/vc_column_inner][\/vc_row_inner][\/vc_column][\/vc_row][vc_row][vc_column][vc_separator color=\u00bbcustom\u00bb accent_color=\u00bbrgba(2,6,32,0.1)\u00bb][vc_empty_space height=\u00bb50px\u00bb][\/vc_column][\/vc_row][vc_row][vc_column width=\u00bb1\/4&#8243;][vc_custom_heading text=\u00bbOperativa\u00bb font_container=\u00bbtag:h3|text_align:left\u00bb use_theme_fonts=\u00bbyes\u00bb][vc_empty_space height=\u00bb20px\u00bb][\/vc_column][vc_column width=\u00bb3\/4&#8243;][vc_row_inner][vc_column_inner width=\u00bb1\/2&#8243;][vc_column_text]<\/p>\n<h5 class=\"no-margin-top\"><span style=\"color: #f46137;\">Atenci\u00f3n al Cliente<\/span><\/h5>\n<ul>\n<li>Atenci\u00f3n personalizada a la Junta de Condominio por parte de su Ejecutivo de Cuentas asignado<\/li>\n<li>Plan Operativo anual<\/li>\n<li>Asesor\u00eda Legal<\/li>\n<li>Supervisi\u00f3n general del condominio<\/li>\n<li>Asesor\u00eda a las Juntas de Condominio en materia de Ley de Propiedad Horizontal.<\/li>\n<li>Coordinaci\u00f3n de Asambleas Ordinarias y Extraordinarias.<\/li>\n<li>Env\u00edo electr\u00f3nico a cada propietario de Relaci\u00f3n de Gastos mensuales.<\/li>\n<li>Tramitaci\u00f3n de solicitudes de emergencia del Edificio<\/li>\n<li>Entrega de Informe y Cuenta Anual del Administrador<\/li>\n<\/ul>\n<p>[\/vc_column_text][\/vc_column_inner][vc_column_inner width=\u00bb1\/2&#8243;][vc_column_text]<\/p>\n<h5 class=\"no-margin-top\"><span style=\"color: #f46137;\">Informes a la Comunidad<\/span><\/h5>\n<ul>\n<li class=\"style14\">Env\u00edo de informaci\u00f3n actualizada de inter\u00e9s para la comunidad<\/li>\n<li class=\"style14\">Revisi\u00f3n de sus estados de cuenta por internet<\/li>\n<li>Listado de Morosos<\/li>\n<\/ul>\n<p>[\/vc_column_text][\/vc_column_inner][\/vc_row_inner][\/vc_column][\/vc_row]<\/p>\n","protected":false},"excerpt":{"rendered":"<p>[vc_row][vc_column][vc_single_image image=\u00bb474&#8243; img_size=\u00bb1280&#215;600&#8243;][vc_empty_space height=\u00bb10px\u00bb][vc_column_text] Cubrimos 3 grandes \u00e1reas de servicios Administraci\u00f3n de condominios, Gesti\u00f3n Administrativa de Alquiler y Ventas de Inmuebles. Administradora Integral ofrece a la junta de condominio y a los copropietarios una atenci\u00f3n personalizada y efectiva en las \u00e1reas operativa y administrativa. Contamos con personal de confianza y altamente calificado en el \u00e1rea\u00a0de [&hellip;]<\/p>\n","protected":false},"author":1,"featured_media":0,"parent":0,"menu_order":0,"comment_status":"closed","ping_status":"closed","template":"","meta":{"footnotes":""},"class_list":["post-260","page","type-page","status-publish","hentry"],"_links":{"self":[{"href":"https:\/\/www.administradoraintegral.com\/index.php?rest_route=\/wp\/v2\/pages\/260","targetHints":{"allow":["GET"]}}],"collection":[{"href":"https:\/\/www.administradoraintegral.com\/index.php?rest_route=\/wp\/v2\/pages"}],"about":[{"href":"https:\/\/www.administradoraintegral.com\/index.php?rest_route=\/wp\/v2\/types\/page"}],"author":[{"embeddable":true,"href":"https:\/\/www.administradoraintegral.com\/index.php?rest_route=\/wp\/v2\/users\/1"}],"replies":[{"embeddable":true,"href":"https:\/\/www.administradoraintegral.com\/index.php?rest_route=%2Fwp%2Fv2%2Fcomments&post=260"}],"version-history":[{"count":6,"href":"https:\/\/www.administradoraintegral.com\/index.php?rest_route=\/wp\/v2\/pages\/260\/revisions"}],"predecessor-version":[{"id":1865,"href":"https:\/\/www.administradoraintegral.com\/index.php?rest_route=\/wp\/v2\/pages\/260\/revisions\/1865"}],"wp:attachment":[{"href":"https:\/\/www.administradoraintegral.com\/index.php?rest_route=%2Fwp%2Fv2%2Fmedia&parent=260"}],"curies":[{"name":"wp","href":"https:\/\/api.w.org\/{rel}","templated":true}]}}